Let k be j(3). Suppose -5*z + 5 = k, z - 26 = -4*i - z. What is the remainder when (60/(-18))/((-1)/i) is divided by 7?
6
Let z be (-1 - 0)*(-1 + 9). Let j = z + 14. Suppose 5*y - 78 = -33. What is the remainder when y is divided by j?
3
Let o = 134 + -74. Calculate the remainder when o is divided by 24 + (-5 - 0) + 2/1.
18
Let y(o) = -o**2 + 20. Calculate the remainder when 79 is divided by y(0).
19
Let y = 16 - 7. Calculate the remainder when y is divided by 5.
4
What is the remainder when (8/3)/(6/99) is divided by 15?
14
Let b be 2/(-5) + 12/5. Suppose -3*n + 44 = 2*g, -g - 15 = -n - b*g. Calculate the remainder when 27 is divided by n.
13
Suppose 88*y - 83*y - 115 = 0. Calculate the remainder when y is divided by 12.
11
Let u = 46 + -23. Let n = 38 - u. What is the remainder when 44 is divided by n?
14
Let q(m) = 32*m**3 - m + 2. Calculate the remainder when 164 is divided by q(1).
32
Let z(d) = d + 1. Let k be z(-4). Calculate the remainder when 1 is divided by ((-1 - k)/2)/1.
0
Suppose -j = 2 - 5. Let p(r) = -9*r**2 - 2 + j*r**2 + 3 + 39*r**2. What is the remainder when p(-1) is divided by 18?
16
Suppose -15 - 18 = -2*w + 3*n, -5*w + 2*n + 66 = 0. Let b(r) = 24*r**3 - r**2 + r - 1. What is the remainder when b(1) is divided by w?
11
Let n(w) = -207*w + 5. Calculate the remainder when n(-1) is divided by 54.
50
Suppose 5*a = a + 32. Calculate the remainder when (-4)/16 - (-146)/a is divided by 10.
8
Let k(v) = -4*v - 6*v - 8*v**2 - 1 - v**3 + 0*v**2. Calculate the remainder when 57 is divided by k(-7).
17
Suppose 3*k = 3*d - 0*d + 18, -4 = -2*d. Suppose -l - 16 = -h - 38, 0 = 2*h - k. Calculate the remainder when 76 is divided by l.
24
Suppose 4*x - 46 = -0*s - 3*s, 3*s + 6 = 0. Suppose r = 4*w - 203, -2*r = 4*w - 5*r - 201. Calculate the remainder when w is divided by x.
12
Suppose -5*p = -4*i - 403, 0*p - i = p - 77. What is the remainder when p is divided by 10?
9
Let a(t) = 5*t + 1. Let g(c) = c**3 - 5*c**2 + 3*c - 5. Let i be g(5). Let d = i - 4. Calculate the remainder when a(2) is divided by d.
5
Let h(p) = 3*p - 4. What is the remainder when h(6) is divided by 2/9 - 306/(-81)?
2
Let k = -70 - -33. Let a be (-1)/2 + 74/(-4). Let j = a - k. What is the remainder when 53 is divided by j?
17
Let z = -33 + -6. Let q = 23 + -47. Let l = q - z. Calculate the remainder when 43 is divided by l.
13
Calculate the remainder when 33 is divided by 60/40 - 33/(-2).
15
Let h(o) = o**3 + 14*o**2 + 12*o - 3. Let n be h(-13). What is the remainder when 704/n + (-4)/10 is divided by 18?
16
Suppose -2*j = -4*s - 0*j + 158, 2*j + 44 = s. Calculate the remainder when s is divided by 8.
6
Let u = -9 - -13. Suppose 4*m + 10 - 34 = -2*x, 0 = 4*m - x - 24. What is the remainder when m is divided by u?
2
Let c(l) = 11*l**2 - 2*l + 3. What is the remainder when 46 is divided by c(1)?
10
Let b = 64 + 78. Calculate the remainder when b is divided by 13.
12
Let g(y) = -2*y**3 - 4*y**2 - 3*y + 5. Calculate the remainder when g(-5) is divided by 44.
38
Let u be 3 + -2 + (1 - -1). Suppose 3*v = -4*q + u + 1, 0 = -4*q - 5*v - 4. Calculate the remainder when 1 is divided by (-7 + q)*(-1)/3.
0
Let s(a) = 2*a - 11. Let i be s(8). Let q be i/15 - (-11)/3. What is the remainder when 36/10*20/q is divided by 10?
8
Let r(m) = -2*m - 1 - 3 + 3 + 2. Calculate the remainder when r(-3) is divided by 2.
1
Let q = 4 + -4. Suppose 5*f + 4 = -4*w + 2, q = -w - f. Suppose 0 = -i - w*r + 2, 0 = -3*i - 7*r + 4*r + 9. What is the remainder when 7 is divided by i?
3
Let m be 0 + 1 - -3*1. Suppose -81 = -m*p + 5*s, -2*s = -0*p - p + 24. Calculate the remainder when 22 - (0 + 0 + -4) is divided by p.
12
Let z(v) = -5*v + 2. Let r be z(5). Let m = -5 - r. Calculate the remainder when 51 is divided by m.
15
Suppose 3*g = -3*c - 0*c - 6, c = 2*g + 7. Let r(l) be the third derivative of 13*l**4/12 - l**3/6 - l**2. Calculate the remainder when r(c) is divided by 13.
12
Suppose -3*u - 6 = 6. Calculate the remainder when 2 - 5 - (u - 6) is divided by 5.
2
Suppose 6*t = 69 + 15. What is the remainder when t is divided by 7?
0
Suppose 6 = z - 0*z. Let w(m) = 2*m + 1. Let a(g) = -g - 1. Let j(h) = 10*a(h) + 6*w(h). What is the remainder when j(z) is divided by 5?
3
Let w(z) = 3*z + 2. Let i be w(-2). What is the remainder when (-2)/4 + 155/10 is divided by 4 + (-1)/2*i?
3
Let p = 6 + -1. Suppose 4*i + p = 17. Suppose -4 = i*s - 16. What is the remainder when 10 is divided by s?
2
Let d(o) = o**2 + 6*o + 6. Let k be d(-5). What is the remainder when (39 + -2)*2/2 is divided by k + 10 + -3 + 2?
7
Calculate the remainder when 24/10*10/4 is divided by 5.
1
Let o = -8 + 13. Let g = o + 13. Calculate the remainder when 34 is divided by g.
16
Calculate the remainder when 93 is divided by (-192)/(-15)*(-10)/(-4).
29
Calculate the remainder when 5/((-5)/(-6))*(-752)/(-48) is divided by 19.
18
What is the remainder when (-8 - (-408)/52) + 1705/13 is divided by ((-22)/(-6))/((-3)/(-27))?
32
Suppose -j + 4*a + 7 = 0, 3*j - a = 3*a + 29. What is the remainder when 40 is divided by j?
7
Let n = 24 - 13. Let i(k) = -k**3 - k**2 + 7*k + 1. Let s be i(-6). Suppose -s + 43 = -3*c. Calculate the remainder when c is divided by n.
10
Suppose -3*s = -6*s. What is the remainder when (124/2)/1 + s is divided by 16?
14
Let p(n) = -n**2 - 16*n - 20. What is the remainder when ((-2)/4 + -2)*-6 is divided by p(-14)?
7
Let s(k) = k**3 + 14*k**2 + k + 16. Let v be s(-14). Suppose -v*w + 76 = 2*w. Calculate the remainder when w is divided by 5.
4
Suppose 2*y - 3*l = 22, -5*l = -y - 4*y + 50. Let g = y + -7. What is the remainder when 2 is divided by g?
0
Let n = 69 - 31. Let y(r) = -5*r - 17. What is the remainder when n is divided by y(-6)?
12
Let t(z) = -3*z**3 - z**2 + z - 2. Let p be t(-2). Let b(y) = 46*y - 1. Calculate the remainder when b(1) is divided by (-12)/(-5)*(21 - p).
9
Let f = -35 + 36. What is the remainder when 4 is divided by f?
0
Let z(g) = 18*g - 3. Let x be z(3). Suppose -4*y + 82 = 2*l, 3*y = l + l + x. What is the remainder when 36 is divided by y?
17
Let a = -16 + 8. Let h(x) = -4*x + 3. Let i(j) = -3*j. What is the remainder when h(a) is divided by i(-4)?
11
Let j = -8 + 13. Suppose 3*c + 26 = j*c. Let q = -14 + 52. What is the remainder when q is divided by c?
12
Suppose n - 60 = -4*n + 5*j, 0 = -5*j - 5. Suppose 13 = 3*o + 4*p, -28 - 2 = -4*o + p. Calculate the remainder when n is divided by o.
4
Let n = 101 - 19. Calculate the remainder when n is divided by 12.
10
Let u be -25*((-4)/(-2) + -1). Let c = 38 + u. Let r = 12 + 13. Calculate the remainder when r is divided by c.
12
Let t = 32 - -29. What is the remainder when t is divided by 17?
10
Let c = 194 - 104. Calculate the remainder when c is divided by 31.
28
Suppose 0 = 5*z - i - 2, i = 2*i - 3. Calculate the remainder when (-2)/1*(-6)/4 is divided by z.
0
Let w(h) = 29*h + 2. Let x be w(-4). Let y = 38 + x. Let u = y - -116. What is the remainder when u is divided by 14?
12
Calculate the remainder when ((-1)/(2/36))/(69/(-92)) is divided by 5.
4
Suppose 5*y + 261 = 3*r, y + 46 = 2*r - 128. What is the remainder when r is divided by 44?
43
Suppose l = 3*l - 12. Let c(v) = v - 8. Let a be c(l). What is the remainder when 25 is divided by a/3*(-273)/14?
12
Let q(y) = -y + 1. Let g be (-1)/((3/12)/1). Suppose 4*s - 4 + 8 = 0, 0 = 5*n - 3*s - 18. What is the remainder when q(g) is divided by n?
2
Let i(f) = -f**2 - 4*f + 5. Let q be i(-6). Let k = 29 + q. Let s = -7 + k. Calculate the remainder when 59 is divided by s.
14
Let i(u) = -u**3 + 5*u**2. Let c be i(4). What is the remainder when 53 is divided by ((-108)/c)/(6/(-16))?
17
Let k(f) = f**2 - 8*f + 6. What is the remainder when k(11) is divided by 6?
3
Let z(y) = 4*y - 5. Let l be z(2). Let u(c) = 17*c + 17. Let w(b) = 8*b + 8. Let d(f) = -4*u(f) + 9*w(f). What is the remainder when 31 is divided by d(l)?
15
Suppose 4*i - 40 = 2*l, -l + 2 = 6. Suppose 0 = -4*n + a - 6*a + i, -3*n = 5*a - 6. What is the remainder when ((-15)/6*n)/(-1) is divided by 2?
1
Let n = -500 - -34. Calculate the remainder when (-10)/(-25) - n/10 is divided by 12.
11
Suppose -3*s = 5*u + s + 15, -3*s + 29 = -2*u. Let j = u - -77. What is the remainder when j is divided by 18?
16
Let p(t) = 10*t - 1. Let u be (-2 +